d and 40.
10
Suppose 10 = 5*c - 10, i = -3*c + 44. Calculate the greatest common divisor of i and 8.
8
Let w be 12*((-4)/3)/(-2). Suppose 4*k + 32 = 4*g, 40 = 2*g + 3*g - 4*k. What is the greatest common factor of g and w?
8
Let z = 1 - -23. Let t be 34/9 - (-2)/9. Suppose 0 = 5*v + t*k - 184, 0*v = 3*v + 4*k - 112. What is the highest common factor of v and z?
12
Suppose 5*s - 48 = -5*l + 22, 3*l = s + 26. What is the highest common factor of 2 and l?
2
Suppose -2 = l - 11. Calculate the greatest common factor of l and 1.
1
Let u = -13 - -17. Suppose 0 = -u*v + 1 + 19. Calculate the greatest common divisor of v and 35.
5
Let w = 0 + 10. What is the highest common divisor of 15 and w?
5
Let i(k) = k**2 + 3*k + 2. Let o be i(-3). Calculate the highest common factor of 3 and o.
1
Suppose 0*j - 70 = -2*j. What is the highest common divisor of j and 7?
7
Suppose -4*k + 3*i = 7*i - 112, 4*k - 5*i - 76 = 0. Calculate the highest common divisor of 6 and k.
6
Let g(x) = -9*x. Let z be g(-1). Suppose 2*s = -5*p + 7, 16*s - 1 = 14*s + p. What is the greatest common factor of z and s?
1
Let k(t) = -3*t**2 + 6 - 2*t**3 + 29*t - 26*t + t**3. Let h be k(-4). What is the highest common divisor of 25 and h?
5
Let o be (-1 - -4) + 14/7. Calculate the greatest common factor of 1 and o.
1
Let a(f) = 5*f - 12. Let b be a(5). Let u be (-1173)/(-5) - 4/(-10). Suppose -116 = -3*h + u. What is the highest common divisor of h and b?
13
Let i(y) = y**3 + 4*y**2 - y. Let f be (-3)/(-9) - 26/6. Let q be i(f). Calculate the greatest common factor of 2 and q.
2
Suppose 2*k = -k. Suppose k = -4*w + 4 + 20. Calculate the highest common factor of 54 and w.
6
Suppose 4*r = -x + 1, r = x - 4 - 2. What is the highest common factor of x and 40?
5
Let h(c) = c**3 + 5*c**2 - 5*c. Let q be h(-5). Let x be (-16 - -4)*1/(-2). Let t = 11 - x. Calculate the greatest common divisor of q and t.
5
Let l = -165 + 213. What is the greatest common divisor of l and 216?
24
Let u(k) = k**3 + 11*k**2 + 7*k - 6. Let d be u(-6). Let l be (-1)/2 - 50/(-4). What is the greatest common divisor of l and d?
12
Let u = 155 + -147. What is the highest common divisor of 32 and u?
8
Let i(m) = -m**3 - 8*m**2 + 6*m - 11. Let u be i(-9). What is the greatest common divisor of 64 and u?
16
Let o(n) = -n**2 + 15*n - 16. Let b be o(13). Calculate the highest common factor of 10 and b.
10
Suppose 0 = m - g - 19, -5*g - 6 = -3*m + 41. Suppose -4*c + c + m = 0. Calculate the highest common factor of c and 8.
8
Let n = 545 - 303. What is the greatest common divisor of n and 22?
22
Suppose -3*t - 25 = -2*q, -4*q = 3*t - 1 - 4. Suppose 0 = -s + 3*h + 38, 5*s - 3*s - q*h = 76. Calculate the greatest common divisor of 95 and s.
19
Let o(h) = -8*h + 7. Let b be o(-7). Suppose -2*w + w = -21. Calculate the highest common divisor of b and w.
21
Suppose -119 - 121 = 4*w. Let q = 8 - w. Suppose 15 = -5*k, 2*z - 2*k - 6 - 34 = 0. What is the greatest common factor of q and z?
17
Let i be (-21)/14 - (-225)/6. Calculate the highest common factor of i and 36.
36
Let l be (38/8)/((-2)/(-8)). Suppose -l + 3 = -4*g. Suppose -g = f - 3*f + j, -3*j = -5*f + 8. What is the highest common factor of 36 and f?
4
Suppose -4*h - 15 = -47. Calculate the greatest common divisor of h and 8.
8
Suppose -g + 2*r + 9 = 0, -r - 20 = -5*r. What is the greatest common divisor of g and 209?
19
Suppose -o = 4*o. Suppose o + 32 = w. Calculate the greatest common factor of w and 48.
16
Let q = 191 - 146. Let p(y) = -2*y - 3. Let c be p(-4). Suppose c*z + 0*z = 90. What is the greatest common factor of z and q?
9
Let w(h) = 3*h**2 - 4*h - 1. Let k be w(3). Suppose -9 = 3*p - 3*y, -y + 20 = 5*p + y. What is the highest common divisor of p and k?
2
Let f(g) = -10*g - 5. Let x be f(-1). Calculate the highest common divisor of x and 20.
5
Let i = 6 - 8. Let n be 19 - (i - -3) - 2. Let v be ((-88)/(-3))/((-3)/(-18)). What is the highest common divisor of n and v?
16
Let f be (4 - 0) + (-10)/(-5) + 20. Calculate the greatest common factor of 104 and f.
26
Suppose -4*r - 13 + 65 = 0. Suppose -3*u + r = -203. Calculate the greatest common factor of u and 9.
9
Suppose 0 = 2*m - 4*a - 34, 2*m = 3*a + 9 + 22. What is the highest common factor of m and 11?
11
Suppose -2*q = 19 - 107. Calculate the highest common factor of 66 and q.
22
Suppose -3*q + 1 = 4*v - 20, -3*q - 2*v + 21 = 0. What is the highest common factor of q and 77?
7
Let w = 7 + -5. Let y be (-24)/(-2) + -2 + w. What is the highest common divisor of y and 48?
12
Let l be (9/(3*2/8))/1. Calculate the greatest common factor of 36 and l.
12
Let f(a) = 3*a**2 - 10*a + 3. Let v(q) = -6*q**2 + 19*q - 6. Let w(i) = -11*f(i) - 6*v(i). Let x be w(2). Calculate the greatest common factor of x and 49.
7
Suppose -2*a - 36 = -5*a. Suppose 3*r + r - 12 = -2*x, -4*r = -4*x + a. Let d(k) = -2*k - 2. Let l be d(-4). What is the highest common divisor of x and l?
2
Let y be -2 - (-9)/((-54)/(-24)). What is the greatest common factor of y and 64?
2
Let m be (2/3)/(8/12). Suppose p - 6 = -m. What is the greatest common factor of p and 5?
5
Suppose -135 = 2*f - 5*f. What is the highest common divisor of 18 and f?
9
Suppose -2*y - z + 11 = -9, 3*z - 36 = -4*y. Suppose 44 + 10 = 3*h. Let a = -15 + h. Calculate the greatest common divisor of y and a.
3
Suppose -5*t = -512 - 163. Calculate the highest common factor of t and 15.
15
Let m(q) = -q + 2. Let r be m(-3). Let z(h) = -h + 5. Let o be z(r). Suppose o*b = b - 14. What is the greatest common divisor of 7 and b?
7
Let h = 216 + 54. What is the highest common divisor of h and 54?
54
Let o(u) = 30*u**2 - u - 3. Let v(n) = n. Let j be v(0). Let d = -3 - j. Let t be o(d). Calculate the highest common divisor of 27 and t.
27
Let r(g) = 2*g - 7. Let y be r(6). Let a = y + 0. What is the highest common factor of a and 10?
5
Let d = 8 - 5. Suppose -2*j - 3*z = -11, -2*j - 3*z = -d*j - 8. Let g be (-3)/((-3)/2)*j. Calculate the greatest common divisor of g and 14.
2
Let v be (-1)/((-4)/4) + -4. Let x be (146 - 8) + v/1. What is the highest common divisor of x and 27?
27
Let b be (-4)/14 - (-2241)/(-21). Let v = b + 198. Suppose 5*g - 2*p - p = 153, 2*p = 3*g - v. What is the greatest common factor of g and 11?
11
Let o be (-2)/(2 - 320/155). Calculate the greatest common divisor of o and 310.
31
Suppose 2*a + 2*y + 66 = 4*a, -5*y - 5 = 0. What is the highest common divisor of a and 256?
32
Let a(c) = 2*c**2 + 13*c + 8. Let b be a(-8). Suppose b = f - 37. What is the highest common divisor of 23 and f?
23
Let m be ((-816)/72)/(((-8)/(-6))/(-2)). What is the greatest common factor of 34 and m?
17
Suppose 0 = -3*d + 2*j + 35, 0*d - d = -4*j - 25. Let v be (-43)/(-5) - 4/(-10). What is the greatest common divisor of d and v?
9
Let y = -125 + 183. What is the greatest common factor of y and 145?
29
Let y be ((-6)/(-8))/(3/12). Suppose -3*n - y = -4*n. What is the highest common factor of 1 and n?
1
Suppose 4*o - 49 = -3*w, 5*o - 3*w = 4*o + 1. Calculate the highest common factor of 90 and o.
10
Let i = 222 - 220. Let k = -5 - -7. What is the greatest common divisor of k and i?
2
Let p be 552/10 + 1 + (-4)/20. What is the greatest common divisor of p and 7?
7
Suppose -5*i + 9 = -1. Suppose i*k = -d + 6*k + 43, -4*d + k = -97. Let u = d + -15. Calculate the highest common factor of 40 and u.
8
Let d(a) = a - 1. Let h be d(10). What is the greatest common factor of 9 and h?
9
Suppose 5*b - 1 = 44. Let v be 792/(-20)*10/(-4). Calculate the highest common factor of b and v.
9
Suppose -5*y = -4*k + 87, -2*k + y = k - 79. Calculate the greatest common divisor of k and 7.
7
Suppose -4*r + u - 5*u = -52, 4*r - 5*u - 43 = 0. Let g = -9 + r. What is the highest common factor of 33 and g?
3
Let o(w) = -25*w + 3. Let x be o(6). Let z = x + 249. Suppose -3*h + 46 = u, 2*u - 5*h + h = z. What is the greatest common divisor of 7 and u?
7
Let b = 5 + -2. Suppose -2*k - 14 = -b*k. Suppose -r = 2*r - 84. What is the highest common factor of r and k?
14
Suppose 7*j = 3*j. Let m = j + 11. Let t(q) = q**2 + 8*q + 4. Let p be t(6). What is the greatest common factor of m and p?
11
Suppose 0 = 2*y, 0 = x - 4*y + y + 2. Let r be (-2)/(x/(-1 - -9)). Calculate the greatest common factor of 88 and r.
8
Sup